{"id":41,"date":"2023-08-19T18:48:03","date_gmt":"2023-08-19T16:48:03","guid":{"rendered":"https:\/\/cindybierling-psy.fr\/?page_id=41"},"modified":"2025-09-07T14:08:10","modified_gmt":"2025-09-07T12:08:10","slug":"qui-suis-je","status":"publish","type":"page","link":"https:\/\/cindybierling-psy.fr\/index.php\/qui-suis-je\/","title":{"rendered":"Qui suis-je ?"},"content":{"rendered":"\t\t<div data-elementor-type=\"wp-page\" data-elementor-id=\"41\" class=\"elementor elementor-41\">\n\t\t\t\t<div class=\"elementor-element elementor-element-3b8ccfb e-flex e-con-boxed e-con e-parent\" data-id=\"3b8ccfb\" data-element_type=\"container\" data-e-type=\"container\">\n\t\t\t\t\t<div class=\"e-con-inner\">\n\t\t\t\t<div class=\"elementor-element elementor-element-78b888d elementor-widget elementor-widget-heading\" data-id=\"78b888d\" data-element_type=\"widget\" data-e-type=\"widget\" data-widget_type=\"heading.default\">\n\t\t\t\t<div class=\"elementor-widget-container\">\n\t\t\t\t\t<h2 class=\"elementor-heading-title elementor-size-default\">Mon parcours professionnel<\/h2>\t\t\t\t<\/div>\n\t\t\t\t<\/div>\n\t\t\t\t\t<\/div>\n\t\t\t\t<\/div>\n\t\t<div class=\"elementor-element elementor-element-e783c88 e-flex e-con-boxed e-con e-parent\" data-id=\"e783c88\" data-element_type=\"container\" data-e-type=\"container\" data-settings=\"{&quot;background_background&quot;:&quot;classic&quot;}\">\n\t\t\t\t\t<div class=\"e-con-inner\">\n\t\t\t\t<div class=\"elementor-element elementor-element-95e6256 elementor-widget-divider--view-line elementor-widget elementor-widget-divider\" data-id=\"95e6256\" data-element_type=\"widget\" data-e-type=\"widget\" data-widget_type=\"divider.default\">\n\t\t\t\t<div class=\"elementor-widget-container\">\n\t\t\t\t\t\t\t<div class=\"elementor-divider\">\n\t\t\t<span class=\"elementor-divider-separator\">\n\t\t\t\t\t\t<\/span>\n\t\t<\/div>\n\t\t\t\t\t\t<\/div>\n\t\t\t\t<\/div>\n\t\t\t\t<div class=\"elementor-element elementor-element-f645a8b elementor-widget elementor-widget-heading\" data-id=\"f645a8b\" data-element_type=\"widget\" data-e-type=\"widget\" data-widget_type=\"heading.default\">\n\t\t\t\t<div class=\"elementor-widget-container\">\n\t\t\t\t\t<h2 class=\"elementor-heading-title elementor-size-default\">Dipl\u00f4mes obtenus en 2007<\/h2>\t\t\t\t<\/div>\n\t\t\t\t<\/div>\n\t\t\t\t<div class=\"elementor-element elementor-element-7fbc519 elementor-widget elementor-widget-text-editor\" data-id=\"7fbc519\" data-element_type=\"widget\" data-e-type=\"widget\" data-widget_type=\"text-editor.default\">\n\t\t\t\t<div class=\"elementor-widget-container\">\n\t\t\t\t\t\t\t\t\t<blockquote><p><em><strong>Master 2 Professionnel en Psychologie et Psychopathologie cliniques<br \/><\/strong>Options\u00a0 \u00ab Psychopathologie du lien social et familial \u00bb et\u00a0 \u00ab Psychologie et psychopathologie de l\u2019adolescent \u00bb<\/em><br \/><em>Universit\u00e9 de Strasbourg<\/em><\/p><p><strong>Dipl\u00f4me Universitaire en \u00ab Pratiques psychologiques \u00bb<br \/><\/strong>Modules en \u00ab Approche syst\u00e9mique \u00bb mais aussi diff\u00e9rentes formations dans le domaine du handicap et de l\u2019approche sensorielle<br \/><em>Universit\u00e9 de Strasbourg<\/em><\/p><\/blockquote>\t\t\t\t\t\t\t\t<\/div>\n\t\t\t\t<\/div>\n\t\t\t\t\t<\/div>\n\t\t\t\t<\/div>\n\t\t<div class=\"elementor-element elementor-element-d034be2 e-flex e-con-boxed e-con e-parent\" data-id=\"d034be2\" data-element_type=\"container\" data-e-type=\"container\">\n\t\t\t\t\t<div class=\"e-con-inner\">\n\t\t\t\t<div class=\"elementor-element elementor-element-45ddf2c elementor-widget elementor-widget-heading\" data-id=\"45ddf2c\" data-element_type=\"widget\" data-e-type=\"widget\" data-widget_type=\"heading.default\">\n\t\t\t\t<div class=\"elementor-widget-container\">\n\t\t\t\t\t<h2 class=\"elementor-heading-title elementor-size-default\">Parcours professionnel 2007 <i class=\"fa-solid fa-arrow-right\"><\/i> 2022<\/h2>\t\t\t\t<\/div>\n\t\t\t\t<\/div>\n\t\t\t\t<div class=\"elementor-element elementor-element-363f3fa elementor-widget elementor-widget-text-editor\" data-id=\"363f3fa\" data-element_type=\"widget\" data-e-type=\"widget\" data-widget_type=\"text-editor.default\">\n\t\t\t\t<div class=\"elementor-widget-container\">\n\t\t\t\t\t\t\t\t\t<blockquote><p>Accueil de Jour parent-jeunes enfants (pr\u00e9vention pr\u00e9coce petite enfance et de la fonction parentale)<\/p><p>Institut M\u00e9dico-Educatif (IME)<\/p><p>Service d\u2019\u00c9ducation Sp\u00e9ciale et de Soins \u00e0 Domicile (SESSAD)<\/p><p>Centre m\u00e9dico-psycho-p\u00e9dagogiques (CMPP)<\/p><p>Centre Hospitalier Sp\u00e9cialis\u00e9, services de psychiatrie adulte et g\u00e9ronto-psychiatrie (psychologue-stagiaire)<\/p><\/blockquote>\t\t\t\t\t\t\t\t<\/div>\n\t\t\t\t<\/div>\n\t\t\t\t<div class=\"elementor-element elementor-element-5b50d6c elementor-widget elementor-widget-heading\" data-id=\"5b50d6c\" data-element_type=\"widget\" data-e-type=\"widget\" data-widget_type=\"heading.default\">\n\t\t\t\t<div class=\"elementor-widget-container\">\n\t\t\t\t\t<h2 class=\"elementor-heading-title elementor-size-default\">Pratiques actuelles 2022  <i class=\"fa-solid fa-arrow-right\"><\/i><\/h2>\t\t\t\t<\/div>\n\t\t\t\t<\/div>\n\t\t\t\t<div class=\"elementor-element elementor-element-fdb080c elementor-widget elementor-widget-text-editor\" data-id=\"fdb080c\" data-element_type=\"widget\" data-e-type=\"widget\" data-widget_type=\"text-editor.default\">\n\t\t\t\t<div class=\"elementor-widget-container\">\n\t\t\t\t\t\t\t\t\t<blockquote><p>Cabinet lib\u00e9ral<\/p><p>Psychologue-vacataire dans un \u00e9tablissement scolaire priv\u00e9 (maternelle\/primaire\/coll\u00e8ge. Accueil\/\u00e9coute\/pr\u00e9vention\/orientation).<\/p><\/blockquote>\t\t\t\t\t\t\t\t<\/div>\n\t\t\t\t<\/div>\n\t\t\t\t<div class=\"elementor-element elementor-element-d29ab78 elementor-widget-divider--view-line elementor-widget elementor-widget-divider\" data-id=\"d29ab78\" data-element_type=\"widget\" data-e-type=\"widget\" data-widget_type=\"divider.default\">\n\t\t\t\t<div class=\"elementor-widget-container\">\n\t\t\t\t\t\t\t<div class=\"elementor-divider\">\n\t\t\t<span class=\"elementor-divider-separator\">\n\t\t\t\t\t\t<\/span>\n\t\t<\/div>\n\t\t\t\t\t\t<\/div>\n\t\t\t\t<\/div>\n\t\t\t\t\t<\/div>\n\t\t\t\t<\/div>\n\t\t<div class=\"elementor-element elementor-element-144a726 e-flex e-con-boxed e-con e-parent\" data-id=\"144a726\" data-element_type=\"container\" data-e-type=\"container\" data-settings=\"{&quot;background_background&quot;:&quot;classic&quot;,&quot;shape_divider_top&quot;:&quot;mountains&quot;}\">\n\t\t\t\t\t<div class=\"e-con-inner\">\n\t\t\t\t<div class=\"elementor-shape elementor-shape-top\" aria-hidden=\"true\" data-negative=\"false\">\n\t\t\t<svg xmlns=\"http:\/\/www.w3.org\/2000\/svg\" viewBox=\"0 0 1000 100\" preserveAspectRatio=\"none\">\n\t<path class=\"elementor-shape-fill\" opacity=\"0.33\" d=\"M473,67.3c-203.9,88.3-263.1-34-320.3,0C66,119.1,0,59.7,0,59.7V0h1000v59.7 c0,0-62.1,26.1-94.9,29.3c-32.8,3.3-62.8-12.3-75.8-22.1C806,49.6,745.3,8.7,694.9,4.7S492.4,59,473,67.3z\"\/>\n\t<path class=\"elementor-shape-fill\" opacity=\"0.66\" d=\"M734,67.3c-45.5,0-77.2-23.2-129.1-39.1c-28.6-8.7-150.3-10.1-254,39.1 s-91.7-34.4-149.2,0C115.7,118.3,0,39.8,0,39.8V0h1000v36.5c0,0-28.2-18.5-92.1-18.5C810.2,18.1,775.7,67.3,734,67.3z\"\/>\n\t<path class=\"elementor-shape-fill\" d=\"M766.1,28.9c-200-57.5-266,65.5-395.1,19.5C242,1.8,242,5.4,184.8,20.6C128,35.8,132.3,44.9,89.9,52.5C28.6,63.7,0,0,0,0 h1000c0,0-9.9,40.9-83.6,48.1S829.6,47,766.1,28.9z\"\/>\n<\/svg>\t\t<\/div>\n\t\t\t\t<div class=\"elementor-element elementor-element-71594e5 elementor-widget elementor-widget-heading\" data-id=\"71594e5\" data-element_type=\"widget\" data-e-type=\"widget\" data-widget_type=\"heading.default\">\n\t\t\t\t<div class=\"elementor-widget-container\">\n\t\t\t\t\t<h2 class=\"elementor-heading-title elementor-size-default\">Approche th\u00e9rapeutique<\/h2>\t\t\t\t<\/div>\n\t\t\t\t<\/div>\n\t\t\t\t<div class=\"elementor-element elementor-element-2f12cd8 elementor-widget elementor-widget-spacer\" data-id=\"2f12cd8\" data-element_type=\"widget\" data-e-type=\"widget\" data-widget_type=\"spacer.default\">\n\t\t\t\t<div class=\"elementor-widget-container\">\n\t\t\t\t\t\t\t<div class=\"elementor-spacer\">\n\t\t\t<div class=\"elementor-spacer-inner\"><\/div>\n\t\t<\/div>\n\t\t\t\t\t\t<\/div>\n\t\t\t\t<\/div>\n\t\t<div class=\"elementor-element elementor-element-bd74344 e-con-full e-flex e-con e-child\" data-id=\"bd74344\" data-element_type=\"container\" data-e-type=\"container\" data-settings=\"{&quot;background_background&quot;:&quot;classic&quot;}\">\n\t\t\t\t<div class=\"elementor-element elementor-element-5bc91a9 elementor-widget__width-inherit elementor-widget elementor-widget-text-editor\" data-id=\"5bc91a9\" data-element_type=\"widget\" data-e-type=\"widget\" data-widget_type=\"text-editor.default\">\n\t\t\t\t<div class=\"elementor-widget-container\">\n\t\t\t\t\t\t\t\t\t<p>Ecoute et bienveillance<\/p>\t\t\t\t\t\t\t\t<\/div>\n\t\t\t\t<\/div>\n\t\t\t\t<div class=\"elementor-element elementor-element-b2902be elementor-widget__width-inherit elementor-widget elementor-widget-text-editor\" data-id=\"b2902be\" data-element_type=\"widget\" data-e-type=\"widget\" data-widget_type=\"text-editor.default\">\n\t\t\t\t<div class=\"elementor-widget-container\">\n\t\t\t\t\t\t\t\t\t<p>Relation de confiance<\/p>\t\t\t\t\t\t\t\t<\/div>\n\t\t\t\t<\/div>\n\t\t\t\t<div class=\"elementor-element elementor-element-9f1e0b3 elementor-widget__width-inherit elementor-widget elementor-widget-text-editor\" data-id=\"9f1e0b3\" data-element_type=\"widget\" data-e-type=\"widget\" data-widget_type=\"text-editor.default\">\n\t\t\t\t<div class=\"elementor-widget-container\">\n\t\t\t\t\t\t\t\t\t<p>Engagement patient &#8211; psychologue<\/p>\t\t\t\t\t\t\t\t<\/div>\n\t\t\t\t<\/div>\n\t\t\t\t<div class=\"elementor-element elementor-element-b8b0514 elementor-widget__width-inherit elementor-widget elementor-widget-text-editor\" data-id=\"b8b0514\" data-element_type=\"widget\" data-e-type=\"widget\" data-widget_type=\"text-editor.default\">\n\t\t\t\t<div class=\"elementor-widget-container\">\n\t\t\t\t\t\t\t\t\t<p>Adaptation et flexibilit\u00e9<\/p>\t\t\t\t\t\t\t\t<\/div>\n\t\t\t\t<\/div>\n\t\t\t\t<\/div>\n\t\t<div class=\"elementor-element elementor-element-67362ca e-con-full e-flex e-con e-child\" data-id=\"67362ca\" data-element_type=\"container\" data-e-type=\"container\">\n\t\t\t\t<div class=\"elementor-element elementor-element-b53a87e elementor-widget elementor-widget-text-editor\" data-id=\"b53a87e\" data-element_type=\"widget\" data-e-type=\"widget\" data-widget_type=\"text-editor.default\">\n\t\t\t\t<div class=\"elementor-widget-container\">\n\t\t\t\t\t\t\t\t\t<p>Ma pratique s\u2019inscrit dans une\u00a0<strong>approche\u00a0int\u00e9grative<\/strong>, elle s\u2019inspire de plusieurs approches th\u00e9rapeutiques. J\u2019adapte ma pratique en fonction du contexte, de votre personnalit\u00e9, vos besoins, \u00e0 votre rythme, afin de vous accompagner au mieux.<\/p><p>Mes bases th\u00e9oriques viennent du courant psychodynamique. Je me r\u00e9f\u00e8re \u00e9galement aux <strong>approches syst\u00e9mique, d\u00e9veloppementale et humaniste<\/strong>.<\/p><p>J\u2019accorde un int\u00e9r\u00eat particulier \u00e0 la <strong>question du lien d\u2019attachement<\/strong> et la <strong>question de la place<\/strong>.<\/p><p>Je consid\u00e8re le travail th\u00e9rapeutique non pas seulement comme une \u00ab technique \u00bb mais comme une <strong>rencontre humaine<\/strong> o\u00f9 <strong>confiance<\/strong>, <strong>respect<\/strong> et <strong>engagement<\/strong> sont essentiels. Vous \u00eates ainsi acteur de votre propre accompagnement.<\/p>\t\t\t\t\t\t\t\t<\/div>\n\t\t\t\t<\/div>\n\t\t\t\t<\/div>\n\t\t<div class=\"elementor-element elementor-element-b0e6f0e e-con-full e-flex e-con e-child\" data-id=\"b0e6f0e\" data-element_type=\"container\" data-e-type=\"container\" data-settings=\"{&quot;background_background&quot;:&quot;classic&quot;}\">\n\t\t\t\t<div class=\"elementor-element elementor-element-14589b8 elementor-widget-tablet__width-inherit elementor-widget elementor-widget-text-editor\" data-id=\"14589b8\" data-element_type=\"widget\" data-e-type=\"widget\" data-widget_type=\"text-editor.default\">\n\t\t\t\t<div class=\"elementor-widget-container\">\n\t\t\t\t\t\t\t\t\t<p>\u00ab Pourquoi en suis-je l\u00e0 ? \u00bb<\/p>\t\t\t\t\t\t\t\t<\/div>\n\t\t\t\t<\/div>\n\t\t\t\t<div class=\"elementor-element elementor-element-a52b6a6 elementor-widget-tablet__width-inherit elementor-widget elementor-widget-text-editor\" data-id=\"a52b6a6\" data-element_type=\"widget\" data-e-type=\"widget\" data-widget_type=\"text-editor.default\">\n\t\t\t\t<div class=\"elementor-widget-container\">\n\t\t\t\t\t\t\t\t\t<p>Comment pourrais-je me sentir mieux\u00a0?<\/p>\t\t\t\t\t\t\t\t<\/div>\n\t\t\t\t<\/div>\n\t\t\t\t<\/div>\n\t\t<div class=\"elementor-element elementor-element-396755e e-con-full e-flex e-con e-child\" data-id=\"396755e\" data-element_type=\"container\" data-e-type=\"container\">\n\t\t\t\t<div class=\"elementor-element elementor-element-f559cb4 elementor-widget elementor-widget-text-editor\" data-id=\"f559cb4\" data-element_type=\"widget\" data-e-type=\"widget\" data-widget_type=\"text-editor.default\">\n\t\t\t\t<div class=\"elementor-widget-container\">\n\t\t\t\t\t\t\t\t\t<p>Je vous accompagnerai \u00e0 <strong>remettre du sens<\/strong> mais aussi \u00e0 retrouver ou <strong>renforcer vos ressources<\/strong> pour <strong>retrouver confiance<\/strong> en vous et tendre vers un <strong>mieux-\u00eatre<\/strong>.<\/p><p>Cette d\u00e9marche est active, patient et psychologue s\u2019engagent \u00e0 chercher des solutions ensemble.<\/p>\t\t\t\t\t\t\t\t<\/div>\n\t\t\t\t<\/div>\n\t\t\t\t<\/div>\n\t\t\t\t\t<\/div>\n\t\t\t\t<\/div>\n\t\t\t\t<\/div>\n\t\t","protected":false},"excerpt":{"rendered":"<p>Mon parcours professionnel Dipl\u00f4mes obtenus en 2007 Master 2 Professionnel en Psychologie et Psychopathologie cliniquesOptions\u00a0 \u00ab Psychopathologie du lien social et familial \u00bb et\u00a0 \u00ab Psychologie et psychopathologie de l\u2019adolescent \u00bbUniversit\u00e9 de Strasbourg Dipl\u00f4me Universitaire en \u00ab Pratiques psychologiques \u00bbModules en \u00ab Approche syst\u00e9mique \u00bb mais aussi diff\u00e9rentes formations dans le domaine du handicap et [&hellip;]<\/p>\n","protected":false},"author":1,"featured_media":0,"parent":0,"menu_order":0,"comment_status":"closed","ping_status":"closed","template":"elementor_header_footer","meta":{"ocean_post_layout":"","ocean_both_sidebars_style":"","ocean_both_sidebars_content_width":0,"ocean_both_sidebars_sidebars_width":0,"ocean_sidebar":"","ocean_second_sidebar":"","ocean_disable_margins":"enable","ocean_add_body_class":"","ocean_shortcode_before_top_bar":"","ocean_shortcode_after_top_bar":"","ocean_shortcode_before_header":"","ocean_shortcode_after_header":"","ocean_has_shortcode":"","ocean_shortcode_after_title":"","ocean_shortcode_before_footer_widgets":"","ocean_shortcode_after_footer_widgets":"","ocean_shortcode_before_footer_bottom":"","ocean_shortcode_after_footer_bottom":"","ocean_display_top_bar":"default","ocean_display_header":"default","ocean_header_style":"","ocean_center_header_left_menu":"","ocean_custom_header_template":"","ocean_custom_logo":0,"ocean_custom_retina_logo":0,"ocean_custom_logo_max_width":0,"ocean_custom_logo_tablet_max_width":0,"ocean_custom_logo_mobile_max_width":0,"ocean_custom_logo_max_height":0,"ocean_custom_logo_tablet_max_height":0,"ocean_custom_logo_mobile_max_height":0,"ocean_header_custom_menu":"","ocean_menu_typo_font_family":"","ocean_menu_typo_font_subset":"","ocean_menu_typo_font_size":0,"ocean_menu_typo_font_size_tablet":0,"ocean_menu_typo_font_size_mobile":0,"ocean_menu_typo_font_size_unit":"px","ocean_menu_typo_font_weight":"","ocean_menu_typo_font_weight_tablet":"","ocean_menu_typo_font_weight_mobile":"","ocean_menu_typo_transform":"","ocean_menu_typo_transform_tablet":"","ocean_menu_typo_transform_mobile":"","ocean_menu_typo_line_height":0,"ocean_menu_typo_line_height_tablet":0,"ocean_menu_typo_line_height_mobile":0,"ocean_menu_typo_line_height_unit":"","ocean_menu_typo_spacing":0,"ocean_menu_typo_spacing_tablet":0,"ocean_menu_typo_spacing_mobile":0,"ocean_menu_typo_spacing_unit":"","ocean_menu_link_color":"","ocean_menu_link_color_hover":"","ocean_menu_link_color_active":"","ocean_menu_link_background":"","ocean_menu_link_hover_background":"","ocean_menu_link_active_background":"","ocean_menu_social_links_bg":"","ocean_menu_social_hover_links_bg":"","ocean_menu_social_links_color":"","ocean_menu_social_hover_links_color":"","ocean_disable_title":"default","ocean_disable_heading":"default","ocean_post_title":"","ocean_post_subheading":"","ocean_post_title_style":"","ocean_post_title_background_color":"","ocean_post_title_background":0,"ocean_post_title_bg_image_position":"","ocean_post_title_bg_image_attachment":"","ocean_post_title_bg_image_repeat":"","ocean_post_title_bg_image_size":"","ocean_post_title_height":0,"ocean_post_title_bg_overlay":0.5,"ocean_post_title_bg_overlay_color":"","ocean_disable_breadcrumbs":"default","ocean_breadcrumbs_color":"","ocean_breadcrumbs_separator_color":"","ocean_breadcrumbs_links_color":"","ocean_breadcrumbs_links_hover_color":"","ocean_display_footer_widgets":"default","ocean_display_footer_bottom":"default","ocean_custom_footer_template":"","footnotes":""},"class_list":["post-41","page","type-page","status-publish","hentry","entry"],"yoast_head":"<!-- This site is optimized with the Yoast SEO plugin v27.3 - https:\/\/yoast.com\/product\/yoast-seo-wordpress\/ -->\n<title>Qui suis-je ? - Cindy BIERLING | Psychologue clinicienne Colmar<\/title>\n<meta name=\"robots\" content=\"index, follow, max-snippet:-1, max-image-preview:large, max-video-preview:-1\" \/>\n<link rel=\"canonical\" href=\"https:\/\/cindybierling-psy.fr\/index.php\/qui-suis-je\/\" \/>\n<meta property=\"og:locale\" content=\"fr_FR\" \/>\n<meta property=\"og:type\" content=\"article\" \/>\n<meta property=\"og:title\" content=\"Qui suis-je ? - Cindy BIERLING | Psychologue clinicienne Colmar\" \/>\n<meta property=\"og:description\" content=\"Mon parcours professionnel Dipl\u00f4mes obtenus en 2007 Master 2 Professionnel en Psychologie et Psychopathologie cliniquesOptions\u00a0 \u00ab Psychopathologie du lien social et familial \u00bb et\u00a0 \u00ab Psychologie et psychopathologie de l\u2019adolescent \u00bbUniversit\u00e9 de Strasbourg Dipl\u00f4me Universitaire en \u00ab Pratiques psychologiques \u00bbModules en \u00ab Approche syst\u00e9mique \u00bb mais aussi diff\u00e9rentes formations dans le domaine du handicap et [&hellip;]\" \/>\n<meta property=\"og:url\" content=\"https:\/\/cindybierling-psy.fr\/index.php\/qui-suis-je\/\" \/>\n<meta property=\"og:site_name\" content=\"Cindy BIERLING | Psychologue clinicienne Colmar\" \/>\n<meta property=\"article:modified_time\" content=\"2025-09-07T12:08:10+00:00\" \/>\n<meta name=\"twitter:card\" content=\"summary_large_image\" \/>\n<meta name=\"twitter:label1\" content=\"Dur\u00e9e de lecture estim\u00e9e\" \/>\n\t<meta name=\"twitter:data1\" content=\"1 minute\" \/>\n<script type=\"application\/ld+json\" class=\"yoast-schema-graph\">{\"@context\":\"https:\\\/\\\/schema.org\",\"@graph\":[{\"@type\":\"WebPage\",\"@id\":\"https:\\\/\\\/cindybierling-psy.fr\\\/index.php\\\/qui-suis-je\\\/\",\"url\":\"https:\\\/\\\/cindybierling-psy.fr\\\/index.php\\\/qui-suis-je\\\/\",\"name\":\"Qui suis-je ? - Cindy BIERLING | Psychologue clinicienne Colmar\",\"isPartOf\":{\"@id\":\"https:\\\/\\\/cindybierling-psy.fr\\\/#website\"},\"datePublished\":\"2023-08-19T16:48:03+00:00\",\"dateModified\":\"2025-09-07T12:08:10+00:00\",\"breadcrumb\":{\"@id\":\"https:\\\/\\\/cindybierling-psy.fr\\\/index.php\\\/qui-suis-je\\\/#breadcrumb\"},\"inLanguage\":\"fr-FR\",\"potentialAction\":[{\"@type\":\"ReadAction\",\"target\":[\"https:\\\/\\\/cindybierling-psy.fr\\\/index.php\\\/qui-suis-je\\\/\"]}]},{\"@type\":\"BreadcrumbList\",\"@id\":\"https:\\\/\\\/cindybierling-psy.fr\\\/index.php\\\/qui-suis-je\\\/#breadcrumb\",\"itemListElement\":[{\"@type\":\"ListItem\",\"position\":1,\"name\":\"Accueil\",\"item\":\"https:\\\/\\\/cindybierling-psy.fr\\\/\"},{\"@type\":\"ListItem\",\"position\":2,\"name\":\"Qui suis-je ?\"}]},{\"@type\":\"WebSite\",\"@id\":\"https:\\\/\\\/cindybierling-psy.fr\\\/#website\",\"url\":\"https:\\\/\\\/cindybierling-psy.fr\\\/\",\"name\":\"Cindy BIERLING | Psychologue clinicienne Colmar\",\"description\":\"Enfants Adolescents Adultes\",\"publisher\":{\"@id\":\"https:\\\/\\\/cindybierling-psy.fr\\\/#organization\"},\"potentialAction\":[{\"@type\":\"SearchAction\",\"target\":{\"@type\":\"EntryPoint\",\"urlTemplate\":\"https:\\\/\\\/cindybierling-psy.fr\\\/?s={search_term_string}\"},\"query-input\":{\"@type\":\"PropertyValueSpecification\",\"valueRequired\":true,\"valueName\":\"search_term_string\"}}],\"inLanguage\":\"fr-FR\"},{\"@type\":\"Organization\",\"@id\":\"https:\\\/\\\/cindybierling-psy.fr\\\/#organization\",\"name\":\"Cindy Bierling - Psychologue clinicienne Colmar\",\"alternateName\":\"Cindy Bierling\",\"url\":\"https:\\\/\\\/cindybierling-psy.fr\\\/\",\"logo\":{\"@type\":\"ImageObject\",\"inLanguage\":\"fr-FR\",\"@id\":\"https:\\\/\\\/cindybierling-psy.fr\\\/#\\\/schema\\\/logo\\\/image\\\/\",\"url\":\"https:\\\/\\\/cindybierling-psy.fr\\\/wp-content\\\/uploads\\\/2023\\\/09\\\/portrait1-scaled-e1693767961688.jpg\",\"contentUrl\":\"https:\\\/\\\/cindybierling-psy.fr\\\/wp-content\\\/uploads\\\/2023\\\/09\\\/portrait1-scaled-e1693767961688.jpg\",\"width\":1700,\"height\":1700,\"caption\":\"Cindy Bierling - Psychologue clinicienne Colmar\"},\"image\":{\"@id\":\"https:\\\/\\\/cindybierling-psy.fr\\\/#\\\/schema\\\/logo\\\/image\\\/\"},\"sameAs\":[\"https:\\\/\\\/www.linkedin.com\\\/in\\\/cindy-bierling-0b0a8528b\\\/\"]}]}<\/script>\n<!-- \/ Yoast SEO plugin. -->","yoast_head_json":{"title":"Qui suis-je ? - Cindy BIERLING | Psychologue clinicienne Colmar","robots":{"index":"index","follow":"follow","max-snippet":"max-snippet:-1","max-image-preview":"max-image-preview:large","max-video-preview":"max-video-preview:-1"},"canonical":"https:\/\/cindybierling-psy.fr\/index.php\/qui-suis-je\/","og_locale":"fr_FR","og_type":"article","og_title":"Qui suis-je ? - Cindy BIERLING | Psychologue clinicienne Colmar","og_description":"Mon parcours professionnel Dipl\u00f4mes obtenus en 2007 Master 2 Professionnel en Psychologie et Psychopathologie cliniquesOptions\u00a0 \u00ab Psychopathologie du lien social et familial \u00bb et\u00a0 \u00ab Psychologie et psychopathologie de l\u2019adolescent \u00bbUniversit\u00e9 de Strasbourg Dipl\u00f4me Universitaire en \u00ab Pratiques psychologiques \u00bbModules en \u00ab Approche syst\u00e9mique \u00bb mais aussi diff\u00e9rentes formations dans le domaine du handicap et [&hellip;]","og_url":"https:\/\/cindybierling-psy.fr\/index.php\/qui-suis-je\/","og_site_name":"Cindy BIERLING | Psychologue clinicienne Colmar","article_modified_time":"2025-09-07T12:08:10+00:00","twitter_card":"summary_large_image","twitter_misc":{"Dur\u00e9e de lecture estim\u00e9e":"1 minute"},"schema":{"@context":"https:\/\/schema.org","@graph":[{"@type":"WebPage","@id":"https:\/\/cindybierling-psy.fr\/index.php\/qui-suis-je\/","url":"https:\/\/cindybierling-psy.fr\/index.php\/qui-suis-je\/","name":"Qui suis-je ? - Cindy BIERLING | Psychologue clinicienne Colmar","isPartOf":{"@id":"https:\/\/cindybierling-psy.fr\/#website"},"datePublished":"2023-08-19T16:48:03+00:00","dateModified":"2025-09-07T12:08:10+00:00","breadcrumb":{"@id":"https:\/\/cindybierling-psy.fr\/index.php\/qui-suis-je\/#breadcrumb"},"inLanguage":"fr-FR","potentialAction":[{"@type":"ReadAction","target":["https:\/\/cindybierling-psy.fr\/index.php\/qui-suis-je\/"]}]},{"@type":"BreadcrumbList","@id":"https:\/\/cindybierling-psy.fr\/index.php\/qui-suis-je\/#breadcrumb","itemListElement":[{"@type":"ListItem","position":1,"name":"Accueil","item":"https:\/\/cindybierling-psy.fr\/"},{"@type":"ListItem","position":2,"name":"Qui suis-je ?"}]},{"@type":"WebSite","@id":"https:\/\/cindybierling-psy.fr\/#website","url":"https:\/\/cindybierling-psy.fr\/","name":"Cindy BIERLING | Psychologue clinicienne Colmar","description":"Enfants Adolescents Adultes","publisher":{"@id":"https:\/\/cindybierling-psy.fr\/#organization"},"potentialAction":[{"@type":"SearchAction","target":{"@type":"EntryPoint","urlTemplate":"https:\/\/cindybierling-psy.fr\/?s={search_term_string}"},"query-input":{"@type":"PropertyValueSpecification","valueRequired":true,"valueName":"search_term_string"}}],"inLanguage":"fr-FR"},{"@type":"Organization","@id":"https:\/\/cindybierling-psy.fr\/#organization","name":"Cindy Bierling - Psychologue clinicienne Colmar","alternateName":"Cindy Bierling","url":"https:\/\/cindybierling-psy.fr\/","logo":{"@type":"ImageObject","inLanguage":"fr-FR","@id":"https:\/\/cindybierling-psy.fr\/#\/schema\/logo\/image\/","url":"https:\/\/cindybierling-psy.fr\/wp-content\/uploads\/2023\/09\/portrait1-scaled-e1693767961688.jpg","contentUrl":"https:\/\/cindybierling-psy.fr\/wp-content\/uploads\/2023\/09\/portrait1-scaled-e1693767961688.jpg","width":1700,"height":1700,"caption":"Cindy Bierling - Psychologue clinicienne Colmar"},"image":{"@id":"https:\/\/cindybierling-psy.fr\/#\/schema\/logo\/image\/"},"sameAs":["https:\/\/www.linkedin.com\/in\/cindy-bierling-0b0a8528b\/"]}]}},"_links":{"self":[{"href":"https:\/\/cindybierling-psy.fr\/index.php\/wp-json\/wp\/v2\/pages\/41","targetHints":{"allow":["GET"]}}],"collection":[{"href":"https:\/\/cindybierling-psy.fr\/index.php\/wp-json\/wp\/v2\/pages"}],"about":[{"href":"https:\/\/cindybierling-psy.fr\/index.php\/wp-json\/wp\/v2\/types\/page"}],"author":[{"embeddable":true,"href":"https:\/\/cindybierling-psy.fr\/index.php\/wp-json\/wp\/v2\/users\/1"}],"replies":[{"embeddable":true,"href":"https:\/\/cindybierling-psy.fr\/index.php\/wp-json\/wp\/v2\/comments?post=41"}],"version-history":[{"count":0,"href":"https:\/\/cindybierling-psy.fr\/index.php\/wp-json\/wp\/v2\/pages\/41\/revisions"}],"wp:attachment":[{"href":"https:\/\/cindybierling-psy.fr\/index.php\/wp-json\/wp\/v2\/media?parent=41"}],"curies":[{"name":"wp","href":"https:\/\/api.w.org\/{rel}","templated":true}]}}