{"id":3,"date":"2023-08-10T21:50:37","date_gmt":"2023-08-10T19:50:37","guid":{"rendered":"http:\/\/cindybierling-psy.fr\/?page_id=3"},"modified":"2023-10-29T16:27:01","modified_gmt":"2023-10-29T15:27:01","slug":"politique-de-confidentialite","status":"publish","type":"page","link":"https:\/\/cindybierling-psy.fr\/index.php\/politique-de-confidentialite\/","title":{"rendered":"Politique de confidentialit\u00e9"},"content":{"rendered":"\t\t<div data-elementor-type=\"wp-page\" data-elementor-id=\"3\" class=\"elementor elementor-3\">\n\t\t\t\t<div class=\"elementor-element elementor-element-0cdc4e1 e-flex e-con-boxed e-con e-parent\" data-id=\"0cdc4e1\" data-element_type=\"container\" data-e-type=\"container\">\n\t\t\t\t\t<div class=\"e-con-inner\">\n\t\t\t\t<div class=\"elementor-element elementor-element-4e67343 elementor-widget elementor-widget-heading\" data-id=\"4e67343\" data-element_type=\"widget\" data-e-type=\"widget\" data-widget_type=\"heading.default\">\n\t\t\t\t<div class=\"elementor-widget-container\">\n\t\t\t\t\t<h2 class=\"elementor-heading-title elementor-size-medium\">Politique de confidentialit\u00e9<\/h2>\t\t\t\t<\/div>\n\t\t\t\t<\/div>\n\t\t\t\t<div class=\"elementor-element elementor-element-7a57dc9 elementor-widget elementor-widget-heading\" data-id=\"7a57dc9\" data-element_type=\"widget\" data-e-type=\"widget\" data-widget_type=\"heading.default\">\n\t\t\t\t<div class=\"elementor-widget-container\">\n\t\t\t\t\t<h2 class=\"elementor-heading-title elementor-size-default\">Qui sommes-nous\u00a0?<\/h2>\t\t\t\t<\/div>\n\t\t\t\t<\/div>\n\t\t\t\t<div class=\"elementor-element elementor-element-7d49d4c elementor-widget elementor-widget-text-editor\" data-id=\"7d49d4c\" data-element_type=\"widget\" data-e-type=\"widget\" data-widget_type=\"text-editor.default\">\n\t\t\t\t<div class=\"elementor-widget-container\">\n\t\t\t\t\t\t\t\t\t<p>Le site est\u00a0: http:\/\/cindybierling-psy.fr est d\u00e9tenu par Cindy BIERLING, psychologue clinicienne \u00e0 Colmar.<\/p>\t\t\t\t\t\t\t\t<\/div>\n\t\t\t\t<\/div>\n\t\t\t\t<div class=\"elementor-element elementor-element-1d91f2d elementor-widget elementor-widget-heading\" data-id=\"1d91f2d\" data-element_type=\"widget\" data-e-type=\"widget\" data-widget_type=\"heading.default\">\n\t\t\t\t<div class=\"elementor-widget-container\">\n\t\t\t\t\t<h2 class=\"elementor-heading-title elementor-size-default\">Cookies<\/h2>\t\t\t\t<\/div>\n\t\t\t\t<\/div>\n\t\t\t\t<div class=\"elementor-element elementor-element-73870cd elementor-widget elementor-widget-text-editor\" data-id=\"73870cd\" data-element_type=\"widget\" data-e-type=\"widget\" data-widget_type=\"text-editor.default\">\n\t\t\t\t<div class=\"elementor-widget-container\">\n\t\t\t\t\t\t\t\t\t<p>J&rsquo;adore les cookies &#8211; pas seulement ceux qui sont croquants et d\u00e9licieux, mais aussi les cookies num\u00e9riques qui aident \u00e0 am\u00e9liorer votre exp\u00e9rience sur notre site web. Les cookies sont de petits fichiers stock\u00e9s sur votre appareil lorsque vous visitez le Site. Ils permettent de vous reconna\u00eetre et de personnaliser le contenu pour mieux r\u00e9pondre \u00e0 vos besoins.<\/p>\n<p><!-- \/wp:paragraph --><!-- wp:paragraph --><\/p>\n<p>Je respecte votre vie priv\u00e9e et je suis transparente quant \u00e0 l&rsquo;utilisation de vos donn\u00e9es. Les cookies ne sont pas utilis\u00e9s pour collecter des informations personnelles sensibles et vos donn\u00e9es ne sont jamais partag\u00e9s avec des tiers.<\/p>\n<p><!-- \/wp:paragraph --><!-- wp:paragraph --><\/p>\n<p>En acceptant nos cookies, vous pouvez b\u00e9n\u00e9ficier d&rsquo;une navigation plus fluide et d&rsquo;un contenu plus pertinent et personnalis\u00e9. Et si vous ne souhaitez pas les utiliser, pas de probl\u00e8me ! Vous pouvez les d\u00e9sactiver \u00e0 tout moment dans les param\u00e8tres de votre navigateur.<\/p>\n<p><!-- \/wp:paragraph --><!-- wp:paragraph --><\/p>\n<p>Alors, pourquoi ne pas essayer nos cookies num\u00e9riques ? Nous sommes convaincus que vous les adorerez autant que nous !<\/p>\t\t\t\t\t\t\t\t<\/div>\n\t\t\t\t<\/div>\n\t\t\t\t<div class=\"elementor-element elementor-element-79ebba8 elementor-widget elementor-widget-heading\" data-id=\"79ebba8\" data-element_type=\"widget\" data-e-type=\"widget\" data-widget_type=\"heading.default\">\n\t\t\t\t<div class=\"elementor-widget-container\">\n\t\t\t\t\t<h2 class=\"elementor-heading-title elementor-size-default\">Contenu embarqu\u00e9 depuis d\u2019autres sites<\/h2>\t\t\t\t<\/div>\n\t\t\t\t<\/div>\n\t\t\t\t<div class=\"elementor-element elementor-element-90b8a4a elementor-widget elementor-widget-text-editor\" data-id=\"90b8a4a\" data-element_type=\"widget\" data-e-type=\"widget\" data-widget_type=\"text-editor.default\">\n\t\t\t\t<div class=\"elementor-widget-container\">\n\t\t\t\t\t\t\t\t\t<p>Les articles de ce site peuvent inclure des contenus int\u00e9gr\u00e9s (par exemple des vid\u00e9os, images, articles\u2026). Le contenu int\u00e9gr\u00e9 depuis d\u2019autres sites se comporte de la m\u00eame mani\u00e8re que si le visiteur se rendait sur cet autre site.<\/p>\n<p><!-- \/wp:paragraph --><!-- wp:paragraph --><\/p>\n<p>Ces sites web pourraient collecter des donn\u00e9es sur vous, utiliser des cookies, embarquer des outils de suivis tiers, suivre vos interactions avec ces contenus embarqu\u00e9s si vous disposez d\u2019un compte connect\u00e9 sur leur site web.<\/p>\t\t\t\t\t\t\t\t<\/div>\n\t\t\t\t<\/div>\n\t\t\t\t\t<\/div>\n\t\t\t\t<\/div>\n\t\t\t\t<\/div>\n\t\t","protected":false},"excerpt":{"rendered":"<p>Politique de confidentialit\u00e9 Qui sommes-nous\u00a0? Le site est\u00a0: http:\/\/cindybierling-psy.fr est d\u00e9tenu par Cindy BIERLING, psychologue clinicienne \u00e0 Colmar. Cookies J&rsquo;adore les cookies &#8211; pas seulement ceux qui sont croquants et d\u00e9licieux, mais aussi les cookies num\u00e9riques qui aident \u00e0 am\u00e9liorer votre exp\u00e9rience sur notre site web. Les cookies sont de petits fichiers stock\u00e9s sur votre [&hellip;]<\/p>\n","protected":false},"author":1,"featured_media":0,"parent":0,"menu_order":0,"comment_status":"closed","ping_status":"closed","template":"","meta":{"ocean_post_layout":"","ocean_both_sidebars_style":"","ocean_both_sidebars_content_width":0,"ocean_both_sidebars_sidebars_width":0,"ocean_sidebar":"","ocean_second_sidebar":"","ocean_disable_margins":"enable","ocean_add_body_class":"","ocean_shortcode_before_top_bar":"","ocean_shortcode_after_top_bar":"","ocean_shortcode_before_header":"","ocean_shortcode_after_header":"","ocean_has_shortcode":"","ocean_shortcode_after_title":"","ocean_shortcode_before_footer_widgets":"","ocean_shortcode_after_footer_widgets":"","ocean_shortcode_before_footer_bottom":"","ocean_shortcode_after_footer_bottom":"","ocean_display_top_bar":"default","ocean_display_header":"default","ocean_header_style":"","ocean_center_header_left_menu":"","ocean_custom_header_template":"","ocean_custom_logo":0,"ocean_custom_retina_logo":0,"ocean_custom_logo_max_width":0,"ocean_custom_logo_tablet_max_width":0,"ocean_custom_logo_mobile_max_width":0,"ocean_custom_logo_max_height":0,"ocean_custom_logo_tablet_max_height":0,"ocean_custom_logo_mobile_max_height":0,"ocean_header_custom_menu":"","ocean_menu_typo_font_family":"","ocean_menu_typo_font_subset":"","ocean_menu_typo_font_size":0,"ocean_menu_typo_font_size_tablet":0,"ocean_menu_typo_font_size_mobile":0,"ocean_menu_typo_font_size_unit":"px","ocean_menu_typo_font_weight":"","ocean_menu_typo_font_weight_tablet":"","ocean_menu_typo_font_weight_mobile":"","ocean_menu_typo_transform":"","ocean_menu_typo_transform_tablet":"","ocean_menu_typo_transform_mobile":"","ocean_menu_typo_line_height":0,"ocean_menu_typo_line_height_tablet":0,"ocean_menu_typo_line_height_mobile":0,"ocean_menu_typo_line_height_unit":"","ocean_menu_typo_spacing":0,"ocean_menu_typo_spacing_tablet":0,"ocean_menu_typo_spacing_mobile":0,"ocean_menu_typo_spacing_unit":"","ocean_menu_link_color":"","ocean_menu_link_color_hover":"","ocean_menu_link_color_active":"","ocean_menu_link_background":"","ocean_menu_link_hover_background":"","ocean_menu_link_active_background":"","ocean_menu_social_links_bg":"","ocean_menu_social_hover_links_bg":"","ocean_menu_social_links_color":"","ocean_menu_social_hover_links_color":"","ocean_disable_title":"default","ocean_disable_heading":"default","ocean_post_title":"","ocean_post_subheading":"","ocean_post_title_style":"","ocean_post_title_background_color":"","ocean_post_title_background":0,"ocean_post_title_bg_image_position":"","ocean_post_title_bg_image_attachment":"","ocean_post_title_bg_image_repeat":"","ocean_post_title_bg_image_size":"","ocean_post_title_height":0,"ocean_post_title_bg_overlay":0.5,"ocean_post_title_bg_overlay_color":"","ocean_disable_breadcrumbs":"default","ocean_breadcrumbs_color":"","ocean_breadcrumbs_separator_color":"","ocean_breadcrumbs_links_color":"","ocean_breadcrumbs_links_hover_color":"","ocean_display_footer_widgets":"default","ocean_display_footer_bottom":"default","ocean_custom_footer_template":"","footnotes":""},"class_list":["post-3","page","type-page","status-publish","hentry","entry"],"yoast_head":"<!-- This site is optimized with the Yoast SEO plugin v27.3 - https:\/\/yoast.com\/product\/yoast-seo-wordpress\/ -->\n<title>Politique de confidentialit\u00e9 - Cindy BIERLING | Psychologue clinicienne Colmar<\/title>\n<meta name=\"robots\" content=\"index, follow, max-snippet:-1, max-image-preview:large, max-video-preview:-1\" \/>\n<link rel=\"canonical\" href=\"https:\/\/cindybierling-psy.fr\/index.php\/politique-de-confidentialite\/\" \/>\n<meta property=\"og:locale\" content=\"fr_FR\" \/>\n<meta property=\"og:type\" content=\"article\" \/>\n<meta property=\"og:title\" content=\"Politique de confidentialit\u00e9 - Cindy BIERLING | Psychologue clinicienne Colmar\" \/>\n<meta property=\"og:description\" content=\"Politique de confidentialit\u00e9 Qui sommes-nous\u00a0? Le site est\u00a0: http:\/\/cindybierling-psy.fr est d\u00e9tenu par Cindy BIERLING, psychologue clinicienne \u00e0 Colmar. Cookies J&rsquo;adore les cookies &#8211; pas seulement ceux qui sont croquants et d\u00e9licieux, mais aussi les cookies num\u00e9riques qui aident \u00e0 am\u00e9liorer votre exp\u00e9rience sur notre site web. Les cookies sont de petits fichiers stock\u00e9s sur votre [&hellip;]\" \/>\n<meta property=\"og:url\" content=\"https:\/\/cindybierling-psy.fr\/index.php\/politique-de-confidentialite\/\" \/>\n<meta property=\"og:site_name\" content=\"Cindy BIERLING | Psychologue clinicienne Colmar\" \/>\n<meta property=\"article:modified_time\" content=\"2023-10-29T15:27:01+00:00\" \/>\n<meta name=\"twitter:card\" content=\"summary_large_image\" \/>\n<meta name=\"twitter:label1\" content=\"Dur\u00e9e de lecture estim\u00e9e\" \/>\n\t<meta name=\"twitter:data1\" content=\"2 minutes\" \/>\n<script type=\"application\/ld+json\" class=\"yoast-schema-graph\">{\"@context\":\"https:\\\/\\\/schema.org\",\"@graph\":[{\"@type\":\"WebPage\",\"@id\":\"https:\\\/\\\/cindybierling-psy.fr\\\/index.php\\\/politique-de-confidentialite\\\/\",\"url\":\"https:\\\/\\\/cindybierling-psy.fr\\\/index.php\\\/politique-de-confidentialite\\\/\",\"name\":\"Politique de confidentialit\u00e9 - Cindy BIERLING | Psychologue clinicienne Colmar\",\"isPartOf\":{\"@id\":\"https:\\\/\\\/cindybierling-psy.fr\\\/#website\"},\"datePublished\":\"2023-08-10T19:50:37+00:00\",\"dateModified\":\"2023-10-29T15:27:01+00:00\",\"breadcrumb\":{\"@id\":\"https:\\\/\\\/cindybierling-psy.fr\\\/index.php\\\/politique-de-confidentialite\\\/#breadcrumb\"},\"inLanguage\":\"fr-FR\",\"potentialAction\":[{\"@type\":\"ReadAction\",\"target\":[\"https:\\\/\\\/cindybierling-psy.fr\\\/index.php\\\/politique-de-confidentialite\\\/\"]}]},{\"@type\":\"BreadcrumbList\",\"@id\":\"https:\\\/\\\/cindybierling-psy.fr\\\/index.php\\\/politique-de-confidentialite\\\/#breadcrumb\",\"itemListElement\":[{\"@type\":\"ListItem\",\"position\":1,\"name\":\"Accueil\",\"item\":\"https:\\\/\\\/cindybierling-psy.fr\\\/\"},{\"@type\":\"ListItem\",\"position\":2,\"name\":\"Politique de confidentialit\u00e9\"}]},{\"@type\":\"WebSite\",\"@id\":\"https:\\\/\\\/cindybierling-psy.fr\\\/#website\",\"url\":\"https:\\\/\\\/cindybierling-psy.fr\\\/\",\"name\":\"Cindy BIERLING | Psychologue clinicienne Colmar\",\"description\":\"Enfants Adolescents Adultes\",\"publisher\":{\"@id\":\"https:\\\/\\\/cindybierling-psy.fr\\\/#organization\"},\"potentialAction\":[{\"@type\":\"SearchAction\",\"target\":{\"@type\":\"EntryPoint\",\"urlTemplate\":\"https:\\\/\\\/cindybierling-psy.fr\\\/?s={search_term_string}\"},\"query-input\":{\"@type\":\"PropertyValueSpecification\",\"valueRequired\":true,\"valueName\":\"search_term_string\"}}],\"inLanguage\":\"fr-FR\"},{\"@type\":\"Organization\",\"@id\":\"https:\\\/\\\/cindybierling-psy.fr\\\/#organization\",\"name\":\"Cindy Bierling - Psychologue clinicienne Colmar\",\"alternateName\":\"Cindy Bierling\",\"url\":\"https:\\\/\\\/cindybierling-psy.fr\\\/\",\"logo\":{\"@type\":\"ImageObject\",\"inLanguage\":\"fr-FR\",\"@id\":\"https:\\\/\\\/cindybierling-psy.fr\\\/#\\\/schema\\\/logo\\\/image\\\/\",\"url\":\"https:\\\/\\\/cindybierling-psy.fr\\\/wp-content\\\/uploads\\\/2023\\\/09\\\/portrait1-scaled-e1693767961688.jpg\",\"contentUrl\":\"https:\\\/\\\/cindybierling-psy.fr\\\/wp-content\\\/uploads\\\/2023\\\/09\\\/portrait1-scaled-e1693767961688.jpg\",\"width\":1700,\"height\":1700,\"caption\":\"Cindy Bierling - Psychologue clinicienne Colmar\"},\"image\":{\"@id\":\"https:\\\/\\\/cindybierling-psy.fr\\\/#\\\/schema\\\/logo\\\/image\\\/\"},\"sameAs\":[\"https:\\\/\\\/www.linkedin.com\\\/in\\\/cindy-bierling-0b0a8528b\\\/\"]}]}<\/script>\n<!-- \/ Yoast SEO plugin. -->","yoast_head_json":{"title":"Politique de confidentialit\u00e9 - Cindy BIERLING | Psychologue clinicienne Colmar","robots":{"index":"index","follow":"follow","max-snippet":"max-snippet:-1","max-image-preview":"max-image-preview:large","max-video-preview":"max-video-preview:-1"},"canonical":"https:\/\/cindybierling-psy.fr\/index.php\/politique-de-confidentialite\/","og_locale":"fr_FR","og_type":"article","og_title":"Politique de confidentialit\u00e9 - Cindy BIERLING | Psychologue clinicienne Colmar","og_description":"Politique de confidentialit\u00e9 Qui sommes-nous\u00a0? Le site est\u00a0: http:\/\/cindybierling-psy.fr est d\u00e9tenu par Cindy BIERLING, psychologue clinicienne \u00e0 Colmar. Cookies J&rsquo;adore les cookies &#8211; pas seulement ceux qui sont croquants et d\u00e9licieux, mais aussi les cookies num\u00e9riques qui aident \u00e0 am\u00e9liorer votre exp\u00e9rience sur notre site web. Les cookies sont de petits fichiers stock\u00e9s sur votre [&hellip;]","og_url":"https:\/\/cindybierling-psy.fr\/index.php\/politique-de-confidentialite\/","og_site_name":"Cindy BIERLING | Psychologue clinicienne Colmar","article_modified_time":"2023-10-29T15:27:01+00:00","twitter_card":"summary_large_image","twitter_misc":{"Dur\u00e9e de lecture estim\u00e9e":"2 minutes"},"schema":{"@context":"https:\/\/schema.org","@graph":[{"@type":"WebPage","@id":"https:\/\/cindybierling-psy.fr\/index.php\/politique-de-confidentialite\/","url":"https:\/\/cindybierling-psy.fr\/index.php\/politique-de-confidentialite\/","name":"Politique de confidentialit\u00e9 - Cindy BIERLING | Psychologue clinicienne Colmar","isPartOf":{"@id":"https:\/\/cindybierling-psy.fr\/#website"},"datePublished":"2023-08-10T19:50:37+00:00","dateModified":"2023-10-29T15:27:01+00:00","breadcrumb":{"@id":"https:\/\/cindybierling-psy.fr\/index.php\/politique-de-confidentialite\/#breadcrumb"},"inLanguage":"fr-FR","potentialAction":[{"@type":"ReadAction","target":["https:\/\/cindybierling-psy.fr\/index.php\/politique-de-confidentialite\/"]}]},{"@type":"BreadcrumbList","@id":"https:\/\/cindybierling-psy.fr\/index.php\/politique-de-confidentialite\/#breadcrumb","itemListElement":[{"@type":"ListItem","position":1,"name":"Accueil","item":"https:\/\/cindybierling-psy.fr\/"},{"@type":"ListItem","position":2,"name":"Politique de confidentialit\u00e9"}]},{"@type":"WebSite","@id":"https:\/\/cindybierling-psy.fr\/#website","url":"https:\/\/cindybierling-psy.fr\/","name":"Cindy BIERLING | Psychologue clinicienne Colmar","description":"Enfants Adolescents Adultes","publisher":{"@id":"https:\/\/cindybierling-psy.fr\/#organization"},"potentialAction":[{"@type":"SearchAction","target":{"@type":"EntryPoint","urlTemplate":"https:\/\/cindybierling-psy.fr\/?s={search_term_string}"},"query-input":{"@type":"PropertyValueSpecification","valueRequired":true,"valueName":"search_term_string"}}],"inLanguage":"fr-FR"},{"@type":"Organization","@id":"https:\/\/cindybierling-psy.fr\/#organization","name":"Cindy Bierling - Psychologue clinicienne Colmar","alternateName":"Cindy Bierling","url":"https:\/\/cindybierling-psy.fr\/","logo":{"@type":"ImageObject","inLanguage":"fr-FR","@id":"https:\/\/cindybierling-psy.fr\/#\/schema\/logo\/image\/","url":"https:\/\/cindybierling-psy.fr\/wp-content\/uploads\/2023\/09\/portrait1-scaled-e1693767961688.jpg","contentUrl":"https:\/\/cindybierling-psy.fr\/wp-content\/uploads\/2023\/09\/portrait1-scaled-e1693767961688.jpg","width":1700,"height":1700,"caption":"Cindy Bierling - Psychologue clinicienne Colmar"},"image":{"@id":"https:\/\/cindybierling-psy.fr\/#\/schema\/logo\/image\/"},"sameAs":["https:\/\/www.linkedin.com\/in\/cindy-bierling-0b0a8528b\/"]}]}},"_links":{"self":[{"href":"https:\/\/cindybierling-psy.fr\/index.php\/wp-json\/wp\/v2\/pages\/3","targetHints":{"allow":["GET"]}}],"collection":[{"href":"https:\/\/cindybierling-psy.fr\/index.php\/wp-json\/wp\/v2\/pages"}],"about":[{"href":"https:\/\/cindybierling-psy.fr\/index.php\/wp-json\/wp\/v2\/types\/page"}],"author":[{"embeddable":true,"href":"https:\/\/cindybierling-psy.fr\/index.php\/wp-json\/wp\/v2\/users\/1"}],"replies":[{"embeddable":true,"href":"https:\/\/cindybierling-psy.fr\/index.php\/wp-json\/wp\/v2\/comments?post=3"}],"version-history":[{"count":0,"href":"https:\/\/cindybierling-psy.fr\/index.php\/wp-json\/wp\/v2\/pages\/3\/revisions"}],"wp:attachment":[{"href":"https:\/\/cindybierling-psy.fr\/index.php\/wp-json\/wp\/v2\/media?parent=3"}],"curies":[{"name":"wp","href":"https:\/\/api.w.org\/{rel}","templated":true}]}}